f i(n).
2, 17
Let p(z) = z**3 + 6*z**2 - 4*z - 1. Suppose -12 = -3*o + 5*o. Let f be p(o). Suppose -2*n = -5*j - 48, -3*j - 75 = -2*n - f. List the prime factors of n.
29
Suppose 10 = -3*q + 1. What are the prime factors of 3*q*((-33)/9 - 3)?
2, 3, 5
Let p(q) = -2 - 5*q**2 + q**3 + 65*q - 26*q - 10 - 28*q. List the prime factors of p(8).
2, 67
Let b = 78 - 72. Suppose 84 = -0*p + b*p. What are the prime factors of p?
2, 7
Let c(r) = 11*r + 4. Let g be c(-2). Let f = -3 + g. Let m = 43 + f. List the prime factors of m.
2, 11
Let m = -330 + 490. What are the prime factors of m?
2, 5
What are the prime factors of (5 - ((-24)/(-2))/2)*-1804?
2, 11, 41
Suppose -3*l = 2*w + 66, -l - 5*w - 30 = 5. Let t = l + 27. List the prime factors of t.
7
Let u(t) = 15*t**2 - 10*t + 11. Let n(r) = -23*r**2 + 15*r - 17. Let o(q) = -5*n(q) - 8*u(q). Let v be o(3). List the prime factors of v/(-1) - (-1 + 1).
3, 11
Let q = -22 + 34. Let r = -6 + q. Suppose 0 = -r*z + 68 + 352. What are the prime factors of z?
2, 5, 7
Let q = 176 - 370. Let f = 304 + q. List the prime factors of f.
2, 5, 11
Suppose -2*n = -4*h - 618, 5*n = n - 4*h + 1224. List the prime factors of n.
307
Suppose 10*p - 7*p + 12 = 0, -2*p = -2*c + 3572. What are the prime factors of c?
2, 3, 11
Suppose 14*c - 9*c - 15 = 0. Suppose 686 = c*h + 125. List the prime factors of h.
11, 17
Suppose -3*v + 36 = -0*v. Suppose -v = n + 3*m, -n - n + 2*m + 16 = 0. Suppose 2*l = 3*l - n. What are the prime factors of l?
3
Suppose 2881 = v - 1131. What are the prime factors of v?
2, 17, 59
Let z(i) = -i**2 - 8*i - 7. Let s be z(-6). Suppose -2*g - 3*g + 387 = -3*m, -2*g = s*m - 161. What are the prime factors of g?
2, 3, 13
Suppose -5*u + 32 = 4*h, u + u - 14 = -2*h. Suppose u*t - 3*t = 0. Suppose t*a - 3*a + 5*i + 155 = 0, 0 = -4*a - 4*i + 196. List the prime factors of a.
2, 5
Let v = -3907 - -6848. List the prime factors of v.
17, 173
Let g = 13 + -13. Suppose g = -6*k + 67 + 257. List the prime factors of k.
2, 3
Let a = 10 - 1. Let g be a/12 + 244/16. Suppose -g = -z - 0*z. What are the prime factors of z?
2
Let o(m) = 38*m**3 - 5*m**2 + 16*m - 4. List the prime factors of o(2).
2, 3, 13
Let x = 1 + 2. Let s = x + -9. Let o = 31 + s. What are the prime factors of o?
5
Let j(h) = -2*h - 6. Let i be j(-7). Let g(o) = 42*o - 151. Let a be g(4). Let z = i + a. What are the prime factors of z?
5
What are the prime factors of 7655/15 - (30/9 - 4)?
7, 73
Let s(w) = 13*w + 6. Let y be s(4). Let q(g) = g**2 + g. Let a be q(-4). Suppose y = t + a. List the prime factors of t.
2, 23
Let i = 3872 + -1731. What are the prime factors of i?
2141
Let a(s) = s + 10. Let x be a(-11). What are the prime factors of (x + 246)*(-2)/(-5)?
2, 7
Let m(d) be the second derivative of -d**4/12 + 3*d**3/2 - 3*d**2 + 8*d. Let v be m(8). Suppose 140 = 3*s + v*s. What are the prime factors of s?
2, 7
Suppose -b = b - 5*n - 15, -n - 3 = 2*b. Suppose 0 = -b*a - 2*a - 42. Let i = 41 + a. What are the prime factors of i?
2, 5
Suppose 13 - 198 = -5*f. Suppose 5*x - 3 - f = 0. What are the prime factors of x?
2
Let f be 4/(-3)*153/(-34). What are the prime factors of 15/(-4)*(-64)/f?
2, 5
Let l be 4 - (-10)/2*(-832)/(-65). Let v = l - -134. List the prime factors of v.
2, 101
Let y(v) = v**3 + v**2 - 8*v - 8. Let j be y(5). Suppose 30 = b + t + t, t + j = 4*b. List the prime factors of b.
2, 13
Suppose -186 = -4*x - 6. Let b be x/27*(-36)/(-10). Suppose -b*n = -5*n - 38. What are the prime factors of n?
2, 19
Let q(t) be the second derivative of 1/12*t**4 + 0*t**2 + 9*t + 5/6*t**3 + 0 - 1/20*t**5. What are the prime factors of q(-3)?
3, 7
Suppose 16*s - 3953 = 12479. List the prime factors of s.
13, 79
Suppose -f + 2*f = 0. Let v(g) be the third derivative of g**6/120 - g**5/60 - g**4/24 + 7*g**3/3 - 9*g**2. List the prime factors of v(f).
2, 7
Let d(m) = 29*m**3 - 2*m**2 + 1. Suppose -4*i + 8 = 5*b - b, i - 10 = 3*b. Suppose -3*g + 5 = 4*l + 2, -4 = -i*g + 3*l. What are the prime factors of d(g)?
2, 7
Let y(k) = -13*k**2 - 2*k. Let h be y(-2). Suppose 0 = 2*v - 8*v + 3696. List the prime factors of (-1)/(-6) - v/h.
13
Suppose -7*u = -11*u + 512. Suppose 0*m + 2*m = u. List the prime factors of m.
2
Let s(i) = -i**3 - 5*i**2 + 6*i + 5. Let r be s(-6). Suppose r = -3*n - 10. What are the prime factors of 198/10 + (-1)/n?
2, 5
Let r = 2219 - -331. What are the prime factors of r?
2, 3, 5, 17
Let r = 1014 + -512. What are the prime factors of r?
2, 251
Suppose -7*g + 2*g + 220 = 0. Let j = g + -30. List the prime factors of j.
2, 7
Let m = -1031 - -2008. What are the prime factors of m?
977
Suppose 0 = 2*n + n + 27. Let d = -2 - n. Let t(l) = 2*l**2 - 9*l - 6. What are the prime factors of t(d)?
29
What are the prime factors of (-321608)/(-252) + 2/(-9)?
2, 11, 29
Let k = -99 - -97. Let l(h) = -7*h**3 - 2*h**2 + 3*h + 5. List the prime factors of l(k).
47
List the prime factors of (-3502)/(-5) + (-20)/50.
2, 5, 7
Suppose -266*k - 1288 = -268*k. List the prime factors of k.
2, 7, 23
List the prime factors of 353 - (420/56)/((-3)/(-2)).
2, 3, 29
Let g be (3 - 1)*42/(-7). Let h(a) = a + 11. Let i be h(g). Let t = 10 + i. What are the prime factors of t?
3
List the prime factors of 639 - 8 - 5/(-4 + -1).
2, 79
Let c = 6 - 2. Suppose -c*j - p + 104 = -5*p, -5*p = -4*j + 103. What are the prime factors of j?
3
Let h(o) = o**2 + 2*o - 1. Let g = -77 - -82. List the prime factors of h(g).
2, 17
Suppose 2*j = 3*x + 296, -2*j - 112 = x - 6*j. Let p = 57 + x. List the prime factors of p/(-1) - 1/1.
2, 19
What are the prime factors of 1 - 0 - (-136002)/57?
7, 11, 31
Suppose 0 = 2*b - 2 - 6. Suppose 0 = 2*n - b*n + 2, -4*k = 5*n - 57. What are the prime factors of k?
13
Let q = -255 - -495. Let s = 343 - q. What are the prime factors of s?
103
Let w be 3/(-9) + 665/(-21). Let x be 2 - 2 - 1*w. Suppose k - 30 = x. What are the prime factors of k?
2, 31
Let h(l) = 721*l**3 - 2*l**2 + 2*l + 1. What are the prime factors of h(1)?
2, 19
Suppose -201 = -8*m + 39. Let p = -11 + m. What are the prime factors of p?
19
Suppose 17 + 9 = -2*o - 3*y, 4*o + 70 = 3*y. Let n = 28 + o. What are the prime factors of (-4)/n*0 - -41?
41
Let y(q) = 2*q**2 + 7*q - 2. Let w be y(-6). Let o = 73 - w. List the prime factors of 279/o - 1/5.
2, 3
Suppose 2*g = -10, 2*v + 4*g = -12 - 4. Let j be (v/(-3))/(3/117). Let s = 12 - j. List the prime factors of s.
2, 19
Let u(r) = 14*r + 5. Let i be u(-3). Let x = -64 - i. Let h = x - -47. List the prime factors of h.
2, 5
What are the prime factors of 2229/9 - 2/(-6)?
2, 31
List the prime factors of 1268/(-8)*(0 + 0 + -2).
317
Let f = 42 - 25. Let o = -1 + f. What are the prime factors of o?
2
Let r be (-18)/(-99) - (-84)/22. Let z be ((-10)/r)/((-2)/832). What are the prime factors of z/50 - (-1)/5?
3, 7
Let h(a) be the first derivative of a**3/3 + 2*a**2 - 9*a + 10. What are the prime factors of h(7)?
2, 17
Suppose 3*t + 4*y = 14, 2*t - 4*y = -26 + 2. Let q be 21 - (t + (-4)/(-4)). Let v = q + -6. What are the prime factors of v?
2
Let o be (3 - 34/10)*-10. Suppose 11 = 5*r - o. Suppose -2*y = -0*y + 5*k + 15, 0 = r*k + 15. What are the prime factors of y?
5
Suppose -7*x - 5*n + 2857 = -5*x, -3*x + 4*n = -4274. What are the prime factors of x?
2, 23, 31
Let r be 90 + 4/((-8)/6). Suppose -4*c + 125 + r = 0. What are the prime factors of c?
53
Let u = 26 - 18. Let p(g) be the second derivative of -g**5/20 + 2*g**4/3 + g**3/6 - 2*g**2 - 2*g. List the prime factors of p(u).
2
Let g = -266 - -177. Let d = g - -146. What are the prime factors of d?
3, 19
Let o = -8593 + 14614. List the prime factors of o.
3, 223
Let p(c) = 3*c**2 - 39*c - 49. List the prime factors of p(17).
5, 31
Let y be (-1)/(-4) + 47/4. Suppose -4*k - u - 29 = 0, 1 = -k - u + 2*u. Let q = k + y. What are the prime factors of q?
2, 3
Let g(k) = 30*k**2 - 1. Let l be g(-1). Suppose -2*b = -18 + 62. Let p = l + b. What are the prime factors of p?
7
Let j = 3 - -2. Suppose -j*u = -2*u - 15. Suppose 0 = -2*s - 4*z, u*s + 3*z - 10 = -2*z. List the prime factors of s.
2
Let b be 110 + 3/(0 + 1). Let g = b - 7. Suppose 48 = 2*f + 5*p, 4*f + p + 4*p = g. List the prime factors of f.
29
Suppose 13*t - 8*t = 3*o + 10159, 3*o - 8111 = -4*t. What are the prime factors of t?
2, 5, 7, 29
